e remainder when 151561 is divided by 19.
17
Calculate the remainder when 3043275 is divided by 14.
11
What is the remainder when 8725 is divided by 226?
137
What is the remainder when 11608 is divided by 5796?
16
Calculate the remainder when 4301 is divided by 858.
11
What is the remainder when 9071 is divided by 112?
111
What is the remainder when 56925 is divided by 166?
153
What is the remainder when 13133 is divided by 1309?
43
Calculate the remainder when 4835 is divided by 134.
11
What is the remainder when 68296 is divided by 10?
6
Calculate the remainder when 423177 is divided by 71.
17
What is the remainder when 3576 is divided by 587?
54
Calculate the remainder when 9550 is divided by 236.
110
Calculate the remainder when 1366704 is divided by 851.
849
Calculate the remainder when 69970 is divided by 291.
130
Calculate the remainder when 1741 is divided by 201.
133
Calculate the remainder when 14479 is divided by 7231.
17
Calculate the remainder when 16962 is divided by 193.
171
What is the remainder when 287373 is divided by 69?
57
What is the remainder when 22014 is divided by 7335?
9
Calculate the remainder when 5513 is divided by 958.
723
Calculate the remainder when 861 is divided by 29.
20
What is the remainder when 159999 is divided by 53328?
15
Calculate the remainder when 74795 is divided by 959.
952
Calculate the remainder when 114456 is divided by 2384.
24
What is the remainder when 1505 is divided by 210?
35
Calculate the remainder when 11157 is divided by 745.
727
Calculate the remainder when 86682 is divided by 43334.
14
Calculate the remainder when 41034 is divided by 456.
450
Calculate the remainder when 389366 is divided by 2742.
2
What is the remainder when 16428 is divided by 4893?
1749
Calculate the remainder when 618475 is divided by 17.
15
What is the remainder when 26512 is divided by 298?
288
Calculate the remainder when 1107 is divided by 124.
115
What is the remainder when 20652 is divided by 4?
0
Calculate the remainder when 805269 is divided by 201315.
9
What is the remainder when 345933 is divided by 31448?
5
What is the remainder when 128974 is divided by 48?
46
Calculate the remainder when 31634 is divided by 200.
34
What is the remainder when 93128 is divided by 10?
8
Calculate the remainder when 134177 is divided by 79.
35
Calculate the remainder when 17117 is divided by 1811.
818
What is the remainder when 7480 is divided by 221?
187
Calculate the remainder when 26302 is divided by 319.
144
Calculate the remainder when 713 is divided by 31.
0
What is the remainder when 81643 is divided by 24?
19
What is the remainder when 1229 is divided by 198?
41
What is the remainder when 8841 is divided by 216?
201
What is the remainder when 1213 is divided by 292?
45
Calculate the remainder when 4664 is divided by 59.
3
What is the remainder when 388 is divided by 194?
0
What is the remainder when 2515 is divided by 156?
19
What is the remainder when 2306 is divided by 101?
84
Calculate the remainder when 138956 is divided by 437.
427
Calculate the remainder when 44085 is divided by 22026.
33
Calculate the remainder when 109553 is divided by 54770.
13
What is the remainder when 9596 is divided by 42?
20
Calculate the remainder when 204932 is divided by 102.
14
Calculate the remainder when 24858 is divided by 24836.
22
What is the remainder when 16284 is divided by 603?
3
What is the remainder when 4858 is divided by 1371?
745
Calculate the remainder when 9502 is divided by 6.
4
Calculate the remainder when 29693 is divided by 1979.
8
What is the remainder when 342715 is divided by 238?
233
What is the remainder when 8192 is divided by 3400?
1392
Calculate the remainder when 1055276 is divided by 11.
2
Calculate the remainder when 56255 is divided by 96.
95
Calculate the remainder when 102587 is divided by 1386.
23
What is the remainder when 4959 is divided by 4950?
9
Calculate the remainder when 2814 is divided by 2099.
715
Calculate the remainder when 34770 is divided by 9.
3
What is the remainder when 96656 is divided by 49?
28
What is the remainder when 153016 is divided by 89?
25
Calculate the remainder when 19704 is divided by 37.
20
Calculate the remainder when 8424 is divided by 35.
24
Calculate the remainder when 108638 is divided by 628.
622
What is the remainder when 1001 is divided by 955?
46
Calculate the remainder when 2283 is divided by 143.
138
Calculate the remainder when 3183 is divided by 1545.
93
What is the remainder when 3038 is divided by 744?
62
What is the remainder when 12507 is divided by 1134?
33
Calculate the remainder when 106136 is divided by 15.
11
Calculate the remainder when 79517 is divided by 34.
25
What is the remainder when 9276 is divided by 333?
285
Calculate the remainder when 52192 is divided by 225.
217
Calculate the remainder when 42953 is divided by 80.
73
Calculate the remainder when 857439 is divided by 1840.
1839
What is the remainder when 83588 is divided by 65?
63
Calculate the remainder when 151081 is divided by 95.
31
What is the remainder when 37549 is divided by 18772?
5
What is the remainder when 122785 is divided by 61384?
17
Calculate the remainder when 3682 is divided by 919.
6
What is the remainder when 30564 is divided by 6111?
9
Calculate the remainder when 27722 is divided by 13851.
20
Calculate the remainder when 36761 is divided by 294.
11
Calculate the remainder when 49248 is divided by 23.
5
What is the remainder when 18058 is divided by 258?
256
Calculate the remainder when 6355 is divided by 907.
6
Calculate the remainder when 1799886 is divided by 599955.
21
What is the remainder when 34524 is divided by 71?
18
What is the remainder when 21320 is divided by 10656?
8
Calculate the remainder when 31670 is divided by 3515.
35
Calculate the remainder when 1181 is divided by 79.
75
Calculate the remainder when 204043 is divided by 367.
358
Calculate the remainder when 1048 is divided by 150.
148
What is the remainder when 10843 is divided by 246?
19
What is the remainder when 120182 is divided by 724?
722
Calculate the remainder when 25896 is divided by 1431.
138
What is the remainder when 91678 is divided by 240?
238
What is the remainder when 198712 is divided by 49678?
0
What is the remainder when 83023 is divided by 12?
7
Calculate the remainder when 3768 is divided by 82.
78
Calculate the remainder when 2899 is divided by 2857.
42
Calculate the remainder when 2020 is divided by 255.
235
Calculate the remainder when 2235 is divided by 95.
50
What is the remainder when 199513 is divided by 197?
149
Calculate the remainder when 8369 is divided by 4158.
53
What is the remainder when 6740 is divided by 2246?
2
What is the remainder when 14991 is divided by 53?
45
What is the remainder when 887063 is divided by 4?
3
What is the remainder when 1324 is divided by 12?
4
What is the remainder when 33355 is divided by 5559?
1
What is the remainder when 346294 is divided by 47?
45
Calculate the remainder when 7509 is divided by 833.
12
What is the remainder when 10545 is divided by 19?
0
Calculate the remainder when 65647 is divided by 32823.
1
Calculate the remainder when 502165 is divided by 167.
163
What is the remainder when 454035 is divided by 17?
16
Calculate the remainder when 3213 is divided by 3183.
30
What is the remainder when 34101 is divided by 1705?
1
What is the remainder when 1194 is divided by 15?
9
Calculate the remainder when 10096 is divided by 33.
31
What is the remainder when 179767 is divided by 844?
839
What is the remainder when 599 is divided by 135?
59
What is the remainder when 170962 is divided by 206?
188
What is the remainder when 1602271 is divided by 28?
27
What is the remainder when 345357 is divided by 15?
12
What is the remainder when 1181 is divided by 53?
15
Calculate the remainder when 7476 is divided by 7349.
127
Calculate the remainder when 16207 is divided by 88.
15
What is the remainder when 157444 is divided by 328?
4
What is the remainder when 10376 is divided by 447?
95
Calculate the remainder when 45065 is divided by 22496.
73
Calculate the remainder when 18380 is divided by 684.
596
Calculate the remainder when 12764 is divided by 6379.
6
What is the remainder when 4341 is divided by 153?
57
Calculate t